e remainder when 6 is divided by c?
2
Suppose 2*s + 21 = 65. What is the remainder when 41 is divided by s?
19
Suppose 215 = -18*t + 23*t. What is the remainder when t is divided by 11?
10
Suppose 15*l + 27 = 18*l. Let v(y) = y**3 - 9*y**2 + 2*y - 9. What is the remainder when 24 is divided by v(l)?
6
Suppose 0 = -4*z + 12 - 0. Suppose 4*c - z*g + 2*g - 50 = 0, -g + 54 = 4*c. What is the remainder when 25 is divided by c?
12
Let f(p) = -p**3 - 8*p**2 - 7*p + 9. Calculate the remainder when 33*(-1 + (-3 - -5)) is divided by f(-7).
6
Let p(c) = c**3 + 11*c**2 - 16*c - 13. Calculate the remainder when p(-12) is divided by 9.
8
Let x be 1 + 3 + 0 + 0. What is the remainder when 22 is divided by (x - 9)/((-2)/2)?
2
Let m(z) = -z**3 + 2*z**2 - 1. Let o = -2 + 1. What is the remainder when m(o) is divided by 1?
0
Suppose -q + 2*w = 7, -13 = 4*q - 5*w - 0*w. Suppose -4*f + 8 = 5*u, -4*f - 15 = -q. Calculate the remainder when 28 is divided by ((-10)/u)/(2/(-12)).
13
Suppose 4*u = g + 40, 3*g - 30 = -0*u - 3*u. Let k = u + -7. Suppose -4*r = -k*r - 12. Calculate the remainder when 34 is divided by r.
10
Suppose -1 = 4*k - 49. Suppose -k + 45 = 3*h. What is the remainder when 20 is divided by h?
9
Let d(p) = -5*p - 5. Let z be d(-6). Suppose -3*i - z + 66 = 2*t, -4*i + 48 = t. Calculate the remainder when 20 is divided by i.
9
Suppose -5*d + d + 30 = 5*l, 0 = -l + d + 15. Calculate the remainder when 35 is divided by l.
5
Let r(b) = b**2 + 4*b + 1. Calculate the remainder when r(-10) is divided by 16.
13
Suppose 0*j - 3*j - 3 = 0, 0 = 3*m - 2*j - 32. What is the remainder when 17 is divided by m?
7
Suppose -2*h = -17 + 1. Suppose 2*r + h = -4. Let u = r - -18. What is the remainder when u is divided by 7?
5
Let g = 30 - 13. Let h(y) = y**2 - 4*y - 3. Let d be h(4). Calculate the remainder when (-148)/(-3) - (-1)/d is divided by g.
15
Suppose -10 = y + 14. Suppose -3*t + 3*q + 32 = -t, 0 = t + 4*q - 16. What is the remainder when t is divided by y/(-18)*9/2?
4
Suppose -4*n - 4*b = b - 5, -5*n = -5*b - 40. Let d = -39 + 88. Suppose 2*o - 6 = -o, 0 = 3*g + 5*o - d. What is the remainder when g is divided by n?
3
Suppose 235 = 4*s + n, s + 5*n - 25 = 29. Suppose 0*b = -2*b + 28. Let c = b - -1. Calculate the remainder when s is divided by c.
14
Suppose 10 = -5*t, 5*s = 4*t + 44 + 44. Let a(g) = g + 1. Let i be a(-3). Calculate the remainder when (i - -1*49) + 0 is divided by s.
15
Let j(g) = g**3 - 5*g**2 - 6*g + 8. Calculate the remainder when 37 is divided by j(6).
5
Suppose 54 = 2*q - 0*q. What is the remainder when q is divided by (-1)/((3 + -2)/(-15))?
12
Suppose 43 + 22 = o. What is the remainder when o is divided by 22?
21
Let z(g) = -2*g - 8. Let k be z(-6). Suppose 2*b - 5*b - 235 = -4*h, -4*b + 200 = k*h. What is the remainder when h is divided by 14?
13
Let c(w) = 6*w - 6. Let x be c(-4). Let k = 69 + x. What is the remainder when k is divided by 14?
11
Let c = 16 + -13. Suppose c*s - 4*s = -4. What is the remainder when 19 is divided by s?
3
What is the remainder when 35 is divided by (130/11)/1 - (-16)/88?
11
Suppose -3*v = -0*v - 48. Suppose 5*z - v = z. What is the remainder when z is divided by 4/8*-3*-2?
1
Let n be 0/(-3) + 0 + 1. What is the remainder when 3 - n*(-34 + 0) is divided by 13?
11
Suppose -2*a - 3*c = -6 - 11, -3*a - 2*c + 38 = 0. What is the remainder when 75 is divided by a?
11
Let l(d) = d**2 + 7*d + 10. Suppose 0*g + g - 7 = 0. What is the remainder when l(-8) is divided by g?
4
Let o = 11 + -32. What is the remainder when -1 - -2 - 2 - o is divided by 0 + (2/(-3))/((-22)/231)?
6
Let u(y) = y**3 + 4*y**2 - 3*y - 12. What is the remainder when 33 is divided by u(-3)?
3
What is the remainder when (0 - -36)*3/9 is divided by 8?
4
Let q be (-3)/(-2)*(6 - -2). Let i = -1 + q. What is the remainder when (-12)/5*(-160)/12 is divided by i?
10
Let a = -3 - -6. What is the remainder when 4 is divided by a?
1
Suppose -18 = -t - 2. Let q = 35 - t. What is the remainder when q is divided by 10?
9
Suppose -2*u + 31 = 3*u - 4*p, -u = -5*p - 23. Let b = -2 - -4. Calculate the remainder when (-5 - 2)*(b - u) is divided by 5.
2
What is the remainder when 367/9 + (-32)/(-144) is divided by (-3)/(-6) - (-41)/2?
20
Let p = -2 - -2. Suppose -2*l - 3*l + 110 = p. What is the remainder when l is divided by 8?
6
Let d = -11 - -16. Suppose -c + 6 + 5 = -2*r, r = -c - 1. Calculate the remainder when d is divided by c.
2
Let w = 8 + 2. Suppose -3*z - 141 = -2*g, -g + 4*z - z = -63. Let d = g + -50. Calculate the remainder when d is divided by w.
8
Let d be 91*(-3 + (2 - 0)). Calculate the remainder when 6 is divided by (-196)/d + (-4)/26.
0
Let n = -9 + 18. Suppose 5 = 2*g - 27. What is the remainder when g is divided by n?
7
Let r(s) = s**2 - 16*s + 12. Let u(f) = -f + 8. Let i be u(-8). What is the remainder when 57 is divided by r(i)?
9
What is the remainder when (117/36)/((4/2)/24) is divided by 16?
7
Let b = -11 - -21. What is the remainder when 17 is divided by b?
7
Let s = 4 + -2. What is the remainder when 18 is divided by 7*(1 - (s + -2))?
4
Let t = 180 + -100. Calculate the remainder when t is divided by 27.
26
Calculate the remainder when 34 is divided by 16/(-6)*(-189)/28.
16
Suppose 5*k - 23 = 62. Calculate the remainder when 44 is divided by k.
10
Let j(f) = -f**3 + 8*f**2 + 2*f - 4. Calculate the remainder when j(4) is divided by 18.
14
Suppose 23 = 4*q - 4*h - h, 3*q = 4*h + 16. Let r = 11 + 27. Let z = r + -16. Calculate the remainder when z is divided by q.
10
Suppose 3*w - 33 = 18. Suppose 7*p = 103 + 114. Calculate the remainder when p is divided by w.
14
Suppose 10*z = 5*z + 5. Suppose 17 - z = 2*w. What is the remainder when ((-22)/8)/(1/(-8)) is divided by w?
6
Suppose -v + 5*l - 23 = -3*v, 3 = l. Suppose -2*q = -10 - v. Calculate the remainder when q is divided by 4.
3
Let s = 13 - 3. Let o be (-65)/4 + 1/4. Calculate the remainder when 18*(o/4)/(-4) is divided by s.
8
Suppose -2*i + 6*i = p + 105, 22 = i + 4*p. What is the remainder when 49 is divided by i?
23
Let y = -25 + 76. What is the remainder when y is divided by 18?
15
Suppose 4*k - 15 - 25 = 0. Let d be (-156)/(-15) - 4/k. Suppose 2*t - d = 0, -y - 4*t + 21 = -0*y. What is the remainder when 2 is divided by y?
0
Suppose -6 = -q - 4. What is the remainder when 37 is divided by q*26*(-3)/(-12)?
11
Suppose 3*z - 7*z + 56 = 0. Calculate the remainder when 47 is divided by (-2)/(-7) + 164/z.
11
Suppose 2*p - 3*p = -5. Suppose p*y = -a, y + 27 = -0*a - 2*a. Let o = 8 - a. Calculate the remainder when o is divided by 8.
7
Let l(s) = 14*s**3 + s - 1. Calculate the remainder when 53 is divided by l(1).
11
Calculate the remainder when 93 is divided by 18 - ((-7 - -3) + 3).
17
Let q be -1*1 - 33/(-11). Suppose -4 = y - q*y. Calculate the remainder when 7 is divided by y.
3
Suppose -543 + 171 = -3*o. Calculate the remainder when o is divided by 10.
4
Let a(n) be the second derivative of n**5/20 + n**4/4 - n**3/3 + n**2/2 - 3*n. Calculate the remainder when a(-3) is divided by 2.
1
Suppose 2*g + 102 = i, -6*g = -2*i - g + 202. What is the remainder when i is divided by 27?
25
Suppose 9*z = 8*z + 1. What is the remainder when z is divided by 1?
0
What is the remainder when 10/(-15) + 71/3 is divided by 8?
7
Suppose -4*x + 2*x = 0. Suppose x = 3*i - 84 + 9. What is the remainder when 74 is divided by i?
24
Let s = -4 + 15. Suppose -2*i + 23 + 17 = 0. Calculate the remainder when i is divided by s.
9
Suppose -5*q = -4*q. Let a(l) = -l**3 + 4*l**2 + 2*l - 4. Let w be a(3). Let b = w + q. What is the remainder when 31 is divided by b?
9
Suppose 5*m = -3*h + 114, -h - m - 152 = -5*h. What is the remainder when 108 is divided by h?
32
Suppose 0 = 3*m + 2*h - 82, -3*h + 26 - 128 = -3*m. Let y = -28 + 39. What is the remainder when m is divided by y?
8
Suppose 3*s - 8 - 4 = 0. Calculate the remainder when 5 is divided by s.
1
Suppose -5*l + 274 = m, 0*l + 178 = 3*l + 4*m. Calculate the remainder when l is divided by 28.
26
Let m = -3 + 2. What is the remainder when 14 is divided by 2 + 5 + 3/m?
2
Suppose -2*m + 3*d + 91 = 0, 3*d - 4*d - 167 = -4*m. What is the remainder when m is divided by 3 + 14 + -1 + -2?
13
Suppose -4*o - 3 = -5*o. Suppose 0 = -p + 4*k + 12, o*p - p + 4*k = 0. Wha